{"id":28,"date":"2020-06-21T10:29:31","date_gmt":"2020-06-21T08:29:31","guid":{"rendered":"https:\/\/www.feuerwehr-huglfing.de\/?page_id=28"},"modified":"2025-02-10T17:20:22","modified_gmt":"2025-02-10T16:20:22","slug":"jugend","status":"publish","type":"page","link":"https:\/\/www.feuerwehr-huglfing.de\/index.php\/jugend\/","title":{"rendered":"Unsere Jugend"},"content":{"rendered":"<p><strong><span style=\"font-size: xx-large;\">Unsere Jugend<\/span><\/strong><\/p>\n<p><span style=\"font-size: large;\">Die Jugendgruppe der FF Huglfing besteht Jugendlichen im Alter von 12-17 Jahren. Diese werden von unserem Betreuerteam, welches aus einer Frau und zwei M\u00e4nnern besteht durch theoretische und praktische \u00dcbungen auf den Dienst in der aktiven Wehr vorbereitet. <\/span><\/p>\n<p><span style=\"font-size: large;\">Seit Gr\u00fcndung der Jugendfeuerwehr im Jahr 1998, wurden so einige, heut noch aktive Mitglieder, gewonnen.<\/span><\/p>\n<p><span style=\"font-size: large;\"><b>Was ist noch geboten\u2026.?<\/b><\/span><\/p>\n<p>\u2026<span style=\"font-size: x-large;\">. z. B. der Kreisjugendfeuerwehrtag:<\/span><\/p>\n<p><span style=\"font-size: large;\">J\u00e4hrlich wird hier im Landkreis ein Kreisjugendfeuerwehrtag veranstaltet. Hierbei kann jeder sein K\u00f6nnen in verschiedenen Disziplinen zeigen. Bei K\u00fcbelspritze-Wettspritzen, Saugschlauch kuppeln und einem Leistungsparcours mit Schlauchkuppeln ist Schnelligkeit und Teamgeist gefragt, wobei nat\u00fcrlich der Spa\u00df nicht zu kurz kommt. <\/span><\/p>\n<p>\u2026<span style=\"font-size: x-large;\">. oder der Wissenstest:<\/span><\/p>\n<p><span style=\"color: #000000;\"><span style=\"font-size: large;\">Der haupts\u00e4chlich theoretische Wissenstest wird einmal j\u00e4hrlich abgenommen. Hier gibt es insgesamt sechs verschiedene Themenbl\u00f6cke, die sich turnusm\u00e4\u00dfig wiederholen:<\/span><\/span><\/p>\n<ul>\n<li><span style=\"color: #000000;\"><span style=\"font-size: large;\">Brennen und L\u00f6schen<\/span><\/span><\/li>\n<li><span style=\"color: #000000;\"><span style=\"font-size: large;\">Pers. Schutzausr\u00fcstung, Dienstkleidung, UVV<\/span><\/span><\/li>\n<li><span style=\"color: #000000;\"><span style=\"font-size: large;\">Fahrzeugkunde<\/span><\/span><\/li>\n<li><span style=\"color: #000000;\"><span style=\"font-size: large;\">Verhalten bei Notf\u00e4llen<\/span><\/span><\/li>\n<li><span style=\"color: #000000;\"><span style=\"font-size: large;\">Schl\u00e4uche und Armaturen<\/span><\/span><\/li>\n<li><span style=\"color: #000000;\"><span style=\"font-size: large;\">Organisation der Feuerwehr, Jugendschutz<\/span><\/span><\/li>\n<\/ul>\n<p><span style=\"font-size: large;\">Bei Bestehen bekommt jeder Teilnehmer ein Abzeichen je nach Schwierigkeitsgrad (Bronze, Silber, Gold, Gold-Blau, Gold-Gr\u00fcn und Gold-Rot) verliehen. <\/span><\/p>\n<p>\u2026<span style=\"font-size: large;\"><b>.und was gibt es noch\u2026?<\/b><\/span><\/p>\n<p><span style=\"color: #000000;\"><span style=\"font-size: large;\">Ausserdem werden unterm Jahr verschiedene Ausfl\u00fcge, wie z.B. Besuche in Feuerwehrschulen, bei Eishockeyspielen oder im Kino durch den Landesjugendfeuerwehrverband erm\u00f6glicht, bei denen man sich auch mit anderen Jugendgruppen austauschen kann.<\/span><\/span><\/p>\n<p><span style=\"color: #000000;\"><span style=\"font-size: large;\">Wer Interesse hat und mindestens 12 Jahre alt ist, kann gern einfach zu einer unseren Jugend\u00fcbungen kommen und bei uns reinschnuppern!<\/span><\/span><\/p>\n<p><strong><span style=\"color: #000000;\"><span style=\"font-size: large;\">Die \u00dcbungen finden alle zwei Wochen Freitags, ab 18:00 Uhr am Feuerwehrhaus statt. <\/span><\/span><\/strong><\/p>\n<p><span style=\"color: #000000;\"><span style=\"font-size: large;\">Bei Fragen k\u00f6nnt Ihr euch auch gern an das Betreuerteam oder an die Kommandanten wenden. K<\/span><\/span>licke <a href=\"https:\/\/www.feuerwehr-huglfing.de\/index.php\/kontakt\/\">&gt;&gt;HIER&lt;&lt;<\/a> um uns zu kontaktieren.<\/p>\n","protected":false},"excerpt":{"rendered":"<p>Unsere Jugend Die Jugendgruppe der FF Huglfing besteht Jugendlichen im Alter von 12-17 Jahren. Diese werden von unserem Betreuerteam, welches aus einer Frau und zwei M\u00e4nnern besteht durch theoretische und&hellip; <br \/> <a class=\"read-more\" href=\"https:\/\/www.feuerwehr-huglfing.de\/index.php\/jugend\/\">Weiterlesen<\/a><\/p>\n","protected":false},"author":1,"featured_media":0,"parent":0,"menu_order":0,"comment_status":"closed","ping_status":"closed","template":"","meta":{"_price":"","_stock":"","_tribe_ticket_header":"","_tribe_default_ticket_provider":"","_tribe_ticket_capacity":"0","_ticket_start_date":"","_ticket_end_date":"","_tribe_ticket_show_description":"","_tribe_ticket_show_not_going":false,"_tribe_ticket_use_global_stock":"","_tribe_ticket_global_stock_level":"","_global_stock_mode":"","_global_stock_cap":"","_tribe_rsvp_for_event":"","_tribe_ticket_going_count":"","_tribe_ticket_not_going_count":"","_tribe_tickets_list":"[]","_tribe_ticket_has_attendee_info_fields":false,"footnotes":"","_tec_slr_enabled":"","_tec_slr_layout":""},"class_list":["post-28","page","type-page","status-publish","hentry"],"ticketed":false,"_links":{"self":[{"href":"https:\/\/www.feuerwehr-huglfing.de\/index.php\/wp-json\/wp\/v2\/pages\/28","targetHints":{"allow":["GET"]}}],"collection":[{"href":"https:\/\/www.feuerwehr-huglfing.de\/index.php\/wp-json\/wp\/v2\/pages"}],"about":[{"href":"https:\/\/www.feuerwehr-huglfing.de\/index.php\/wp-json\/wp\/v2\/types\/page"}],"author":[{"embeddable":true,"href":"https:\/\/www.feuerwehr-huglfing.de\/index.php\/wp-json\/wp\/v2\/users\/1"}],"replies":[{"embeddable":true,"href":"https:\/\/www.feuerwehr-huglfing.de\/index.php\/wp-json\/wp\/v2\/comments?post=28"}],"version-history":[{"count":12,"href":"https:\/\/www.feuerwehr-huglfing.de\/index.php\/wp-json\/wp\/v2\/pages\/28\/revisions"}],"predecessor-version":[{"id":891,"href":"https:\/\/www.feuerwehr-huglfing.de\/index.php\/wp-json\/wp\/v2\/pages\/28\/revisions\/891"}],"wp:attachment":[{"href":"https:\/\/www.feuerwehr-huglfing.de\/index.php\/wp-json\/wp\/v2\/media?parent=28"}],"curies":[{"name":"wp","href":"https:\/\/api.w.org\/{rel}","templated":true}]}}