{"id":173,"date":"2020-06-30T20:34:29","date_gmt":"2020-06-30T18:34:29","guid":{"rendered":"https:\/\/www.feuerwehr-huglfing.de\/?page_id=173"},"modified":"2025-02-10T17:13:04","modified_gmt":"2025-02-10T16:13:04","slug":"mannschaft","status":"publish","type":"page","link":"https:\/\/www.feuerwehr-huglfing.de\/index.php\/aktive-feuerwehr\/mannschaft\/","title":{"rendered":"Mannschaft"},"content":{"rendered":"<p><strong>Bei der Jahreshauptversammlung am 08.02.2025 wurden die zahlreiche Mitglieder der Feuerwehr zu ihren Dienstjubil\u00e4en geehrt.<\/strong><\/p>\n<p><strong>F\u00fcr 25 Jahre Feuerwehrdienst ehrte Kreisbrandrat R\u00fcdiger Sobotta: Markus Gottmann, Thomas, Staltmaier, Michael Albrecht, Jakob Saal, Lorenz Beetz und Bj\u00f6rn Greza<\/strong><\/p>\n<p><strong>F\u00fcr 40 Jahre Feuerwehrdienst wurde Richard H\u00e4ringer, Andreas Tafertshofer und Karl Schelle ausgezeichnet.<\/strong><\/p>\n<p><img loading=\"lazy\" decoding=\"async\" class=\"alignnone size-full wp-image-884\" src=\"http:\/\/www.feuerwehr-huglfing.de\/wp-content\/uploads\/2025\/02\/WhatsApp-Image-2025-02-10-at-16.50.25-1.jpeg\" alt=\"\" width=\"2040\" height=\"1530\" \/><\/p>\n","protected":false},"excerpt":{"rendered":"<p>Bei der Jahreshauptversammlung am 08.02.2025 wurden die zahlreiche Mitglieder der Feuerwehr zu ihren Dienstjubil\u00e4en geehrt. F\u00fcr 25 Jahre Feuerwehrdienst ehrte Kreisbrandrat R\u00fcdiger Sobotta: Markus Gottmann, Thomas, Staltmaier, Michael Albrecht, Jakob&hellip; <br \/> <a class=\"read-more\" href=\"https:\/\/www.feuerwehr-huglfing.de\/index.php\/aktive-feuerwehr\/mannschaft\/\">Weiterlesen<\/a><\/p>\n","protected":false},"author":3,"featured_media":0,"parent":30,"menu_order":2,"comment_status":"closed","ping_status":"closed","template":"","meta":{"_price":"","_stock":"","_tribe_ticket_header":"","_tribe_default_ticket_provider":"","_tribe_ticket_capacity":"0","_ticket_start_date":"","_ticket_end_date":"","_tribe_ticket_show_description":"","_tribe_ticket_show_not_going":false,"_tribe_ticket_use_global_stock":"","_tribe_ticket_global_stock_level":"","_global_stock_mode":"","_global_stock_cap":"","_tribe_rsvp_for_event":"","_tribe_ticket_going_count":"","_tribe_ticket_not_going_count":"","_tribe_tickets_list":"[]","_tribe_ticket_has_attendee_info_fields":false,"footnotes":"","_tec_slr_enabled":"","_tec_slr_layout":""},"class_list":["post-173","page","type-page","status-publish","hentry"],"ticketed":false,"_links":{"self":[{"href":"https:\/\/www.feuerwehr-huglfing.de\/index.php\/wp-json\/wp\/v2\/pages\/173","targetHints":{"allow":["GET"]}}],"collection":[{"href":"https:\/\/www.feuerwehr-huglfing.de\/index.php\/wp-json\/wp\/v2\/pages"}],"about":[{"href":"https:\/\/www.feuerwehr-huglfing.de\/index.php\/wp-json\/wp\/v2\/types\/page"}],"author":[{"embeddable":true,"href":"https:\/\/www.feuerwehr-huglfing.de\/index.php\/wp-json\/wp\/v2\/users\/3"}],"replies":[{"embeddable":true,"href":"https:\/\/www.feuerwehr-huglfing.de\/index.php\/wp-json\/wp\/v2\/comments?post=173"}],"version-history":[{"count":5,"href":"https:\/\/www.feuerwehr-huglfing.de\/index.php\/wp-json\/wp\/v2\/pages\/173\/revisions"}],"predecessor-version":[{"id":890,"href":"https:\/\/www.feuerwehr-huglfing.de\/index.php\/wp-json\/wp\/v2\/pages\/173\/revisions\/890"}],"up":[{"embeddable":true,"href":"https:\/\/www.feuerwehr-huglfing.de\/index.php\/wp-json\/wp\/v2\/pages\/30"}],"wp:attachment":[{"href":"https:\/\/www.feuerwehr-huglfing.de\/index.php\/wp-json\/wp\/v2\/media?parent=173"}],"curies":[{"name":"wp","href":"https:\/\/api.w.org\/{rel}","templated":true}]}}

<p><strong>Bei der Jahreshauptversammlung am 08.02.2025 wurden die zahlreiche Mitglieder der Feuerwehr zu ihren Dienstjubiläen geehrt.</strong></p>
<p><strong>Für 25 Jahre Feuerwehrdienst ehrte Kreisbrandrat Rüdiger Sobotta: Markus Gottmann, Thomas, Staltmaier, Michael Albrecht, Jakob Saal, Lorenz Beetz und Björn Greza</strong></p>
<p><strong>Für 40 Jahre Feuerwehrdienst wurde Richard Häringer, Andreas Tafertshofer und Karl Schelle ausgezeichnet.</strong></p>
<p><img loading="lazy" decoding="async" class="alignnone size-full wp-image-884" src="http://www.feuerwehr-huglfing.de/wp-content/uploads/2025/02/WhatsApp-Image-2025-02-10-at-16.50.25-1.jpeg" alt="" width="2040" height="1530" /></p>

<p>Bei der Jahreshauptversammlung am 08.02.2025 wurden die zahlreiche Mitglieder der Feuerwehr zu ihren Dienstjubiläen geehrt. Für 25 Jahre Feuerwehrdienst ehrte Kreisbrandrat Rüdiger Sobotta: Markus Gottmann, Thomas, Staltmaier, Michael Albrecht, Jakob&hellip; <br /> <a class="read-more" href="https://www.feuerwehr-huglfing.de/index.php/aktive-feuerwehr/mannschaft/">Weiterlesen</a></p>
